-5
What is 3 - 8 - 2 - -2 - -3?
-2
What is 0 + -1 - (-2 - (1 - 0))?
2
What is the value of 127 + -126 + (-1 - (-5 - 0))?
5
What is the value of -4 + 2 + -4 + 2 - 0?
-4
What is 0 + 6 + -9 - -3?
0
What is -1 - 2 - (-8 + 10)?
-5
Calculate 3 - (6 + -3) - 5.
-5
Calculate -10 + (-2 - -2) + 9.
-1
Evaluate 6 + (4 - -2 - 14).
-2
Calculate 2 - (-5 + (-1 - -14)).
-6
Calculate -1 + 5 + (-3 - -1) + -3.
-1
Evaluate 0 + 2 + (-1 - 3).
-2
What is the value of 0 + 11 + -3 - 4?
4
Calculate (0 - (5 - 7)) + -3.
-1
0 - (-1 - 0) - (4 + -3)
0
What is the value of 13 + (5 - (6 - -8))?
4
What is -5 + -5 + (12 - -3)?
5
-7 - (-4 + 1 + -6 + 4)
-2
-4 + 0 + (3 - 0)
-1
Evaluate 0 + 0 + 3 + -7 + 1.
-3
4 - (-4 + -1 + 4)
5
What is the value of 4 - (-2 + -1 - -6)?
1
What is (-1 - 4 - (-6 + -2)) + -4?
-1
What is (-33 - -45) + -3 + -10?
-1
10 - (17 - 7) - (0 - 1)
1
Evaluate (3 - (0 - 1)) + 1.
5
What is -15 + 0 + 2 + 7?
-6
What is the value of 53 - 47 - (-2 + (-1 - -7))?
2
Evaluate (3 + -4 - -4) + -2.
1
Evaluate -14 - -13 - (7 + 1).
-9
5 + (-8 - -8 - 0)
5
1 - (-2 - (2 - 0))
5
What is -7 - (1 - (0 - 0))?
-8
What is the value of (0 - -1) + -5 - 0?
-4
Evaluate (-5 - (-3 - 1 - -8)) + 2.
-7
What is -17 - (-7 - -5) - (1 + -7)?
-9
Evaluate -8 + 10 + (-6 - (-7 + 6)).
-3
Evaluate 0 + 7 + -19 + (-1 - -7).
-6
2 + 3 + -8 + (4 - -2)
3
Calculate 9 + -4 + -9 + 4.
0
Calculate -6 - (3 - 24 - -3) - 3.
9
What is 6 - (-4 + 7 + 0)?
3
Calculate -2 + 9 + 5 - (7 - 2).
7
Calculate -12 + (5 - -12 - 8).
-3
What is the value of 4 + -3 - -3 - 9?
-5
(1 - 2 - -3) + 2 + -2
2
-1 - (1 - -4 - 4)
-2
Evaluate 3 - -3 - (-9 + 7 + 16).
-8
Evaluate -4 + (12 - 4) + (3 - 11).
-4
Evaluate 2 - (-2 - ((-3 - -2) + 2)).
5
What is 0 - 2 - (6 - 3)?
-5
Calculate (3 - 3) + (2 - 5) + 3.
0
What is the value of 5 + 1 - (10 - 5)?
1
What is the value of (-1 - (-4 - -1)) + (-8 - -7)?
1
Evaluate 1 + (-8 - -16) - 6.
3
What is the value of -5 + 2 + 5 - (14 + -6)?
-6
What is 4 + -20 + 3 - -8?
-5
-2 + -3 + (3 - (-3 - -3))
-2
-1 + -2 + 2 + 1
0
(7 - (4 + (-9 - -5))) + -2
5
-6 + (4 - 0 - 0)
-2
1 + 10 + -10 + 2 + 2
5
What is -2 - ((1 - 5) + (10 - 6))?
-2
What is the value of -1 + 2 + 1 + (-8 - -4)?
-2
Calculate (15 - 7 - 3) + 0 - 6.
-1
4 + -6 + 3 + 2
3
Calculate 0 + 1 - ((-5 - 6) + 3).
9
12 + -2 + -10 + 4 - 5
-1
-3 - (1 - (-2 - -3))
-3
Evaluate 0 + 0 + -5 + 4 - 2.
-3
What is -4 + (1 - (-9 + 3 + 5))?
-2
What is (-36 - -30) + (2 - 1)?
-5
What is 7 + -1 + (-1 - (3 - 4))?
6
6 - (1 + -3 + 7)
1
Evaluate (1 - 3) + 4 + 3 + -2.
3
Calculate 0 + -1 + 2 + 3.
4
What is 21 + -25 - (0 + -10)?
6
What is (-2 + 7 - (8 - -1)) + 4?
0
-1 + -12 + 8 + -16 + 12
-9
-8 + 17 + -3 + 3
9
What is -1 - (-5 + (1 - 0) + 0)?
3
Evaluate 1 + (-2 - -2) + 4.
5
What is 4 + 0 + -13 + -10 + 13?
-6
Evaluate (-4 - 3) + 6 + 1 - 6.
-6
Evaluate 2 - 1 - (-26 + 24).
3
Evaluate 4 + 1 + -2 + (-43 - -35).
-5
What is the value of (1 - 0 - (-9 + 11)) + 0?
-1
Evaluate 23 - (4 - -6) - 9.
4
Calculate (4 + -12 - -3) + 3.
-2
What is -2 - (-3 - 1 - -7 - 5)?
0
What is 6 + -8 + 4 - 7?
-5
1 - (0 - 0) - 2
-1
Evaluate (-3 - 5 - -4) + 8.
4
What is (3 - (5 + 1)) + 1 + 0?
-2
Calculate -20 + 2 + 8 + 8.
-2
Evaluate (-1 - (-3 + 4) - -3) + 0.
1
Calculate 0 + 3 + 3 + -7.
-1
Calculate (16 - 7 - (-5 + 10)) + 1.
5
Calculate 3 - 2 - 1 - 2.
-2
Evaluate -7 - -7 - 10 - -6.
-4
(0 - (2 - 2)) + -2
-2
What is the value of 0 + (-3 + -2 + 3 - -6)?
4
Calculate 3 + -7 - ((-3 - 0) + 1).
-2
What is the value of -3 - -1 - (3 - 10)?
5
Evaluate 6 - (6 - (-4 - -7)).
3
95 + -102 + -1 + 2 + 2
-4
4 + (-2 - 0) + -4 + 0
-2
What is the value of (254 - 249) + -11 + -1?
-7
Calculate -36 + 29 - (-10 - 2).
5
What is (7 + 0 - 18) + 7?
-4
Calculate -8 - (-7 + 4 - -1) - -4.
-2
What is the value of (5 - 5) + -4 + 11 + -6?
1
What is the value of -5 - ((-13 - -3) + 2)?
3
What is -1 + (-4 - -3) - 3?
-5
What is the value of (17 - (16 - 5)) + -2?
4
5 + (-4 - (-19 - -10))
10
Evaluate -5 - (-1 - 6) - 1 - 0.
1
Evaluate 0 + (1 - 2) + -2 + 3.
0
Evaluate -5 - (-7 + -4 + 1).
5
Evaluate 3 + 7 + (10 - 12).
8
What is the value of -2 + 1 + -4 + 6 + 3?
4
Evaluate (-6 - -2) + 9 - -3 - 3.
5
Calculate 1 - -4 - (5 + -4 + -1).
5
What is -2 + 4 - (0 + 0 + 1)?
1
What is the value of -3 - (-8 - 2) - (-5 - -7)?
5
What is the value of 0 + 1 - (3 + -2)?
0
Evaluate 3 - (-4 - 0) - 11.
-4
(2 - (5 + -17 - -2)) + -6
6
Evaluate 1 + 2 + (3 - 3) + 1.
4
Calculate 4 + 0 + 5 + -12.
-3
Calculate 6 + -5 + (0 - 0).
1
Evaluate (-3 + 6 - -4) + 0 + -8.
-1
(7 - 8) + (3 - 2) + -3
-3
Calculate 2 + 0 - (0 + -8 + 6).
4
-4 - (1 + -1 - (-5 - -14))
5
Evaluate 1 + -1 + (3 - (3 + 0)).
0
Evaluate 2 + (-2 - -3) + 0 + -3.
0
(-7 - -9) + 1 + -5
-2
Calculate 2 + -5 + 3 + 3 + -3.
0
1 + -2 - (2 + -1)
-2
Evaluate (-1 - -1 - (3 + 2)) + 3.
-2
Evaluate -2 + 6 + 0 + 5 + -4.
5
Evaluate -3 + 3 - 1 - 2 - -1.
-2
-8 + 14 + (-25 - -13)
-6
What is 5 + -1 + (3 - 1)?
6
Calculate -2 + -3 + 0 + 3.
-2
What is the value of 3 + (7 + -1 - 19 - -7)?
-3
0 + (1 - 2) + 5
4
What is the value of 8 + -2 + -5 + 7 - 7?
1
What is the value of -6 + (5 - 5) + (-2 - -13)?
5
What is the value of 11 + -5 + -4 + (-1 - -6)?
7
What is 0 + -1 - (4 - 3 - 3)?
1
0 - ((9 + -4 - 5) + 4)
-4
What is -1 + -1 + (-2 - -2) + 4?
2
What is the value of 3 - (4 + (4 + -12 - -4))?
3
Evaluate (11 - 2) + -4 - -2.
7
Evaluate 9 + -6 + (-9 - 0).
-6
Evaluate 23 + -15 + (-1 + -3 - 1).
3
Evaluate 7 + (-8 - -9) - 13.
-5
What is (3 - -12 - 9) + -8?
-2
What is the value of 1 - (6 + -6) - (-2 - -2)?
1
Evaluate 6 - (9 + (1 - 2)).
-2
Calculate -5 - (-8 - (-10 - -1)) - -3.
-3
Evaluate -10 + 2 - (6 - 11).
-3
Evaluate 0 + (6 - 14) + (4 - 2).
-6
What is (0 - 1) + 15 + -11?
3
Calculate -11 + -2 + 7 + 2 + 0.
-4
Evaluate -1 + 5 + 4 + -5.
3
What is the value of -1 - (-2 + 4) - (-9 + 6)?
0
Calculate (40 - 31) + (-15 - 1).
-7
What is the value of 1 + (-1 - -1) + 3 + -9?
-5
Calculate -6 + -6 + 8 + -1 + 3.
-2
Evaluate 0 - (9 + -7) - -4.
2
What is -8 - 0 - (11 - -3 - 14)?
-8
What is (3 - 6 - 6) + 2 + 7?
0
(-3 - -4) + -4 + 1
-2
Evaluate (1 - (2 + 1)) + 3.
1
What is 11 - (11 - 6) - 4?
2
Evaluate 53 + -55 + -2 + 1 + -4.
-7
Evaluate -13 + (-8 - (-1 + -4)) + 11.
-5
What is the value of -3 - -4 - (3 + -5)?
3
Calculate 6 - (-2 + (6 - 2)).
4
-2 + (0 - -5 - 2)
1
What is 0 + -1 + -2 + 1?
-2
What is the value of (0 - 1) + 14 + -10?
3
What is the value of (3 - 1) + (12 - 10)?
4
Calculate (4 - (4 + -7)) + -4.
3
What is the value of 0 + 4 + (-8 - -4)?
0
(1 - (0 - -2) - -2) + -3
-2
What is the value of 3 + 0 + 0 + -3?
0
Evaluate 1 + -3 + 6 + (11 - 16).
-1
(18 - 38) + 19 + 0 + -3
-4
What is (-2 - (2 - (2 - -2))) + 4?
4
Calculate -9 + (11 - 2) - (-9 + 1).
8
Calculate -3 - (-1 + 0) - (-34 - -27).
5
1 + -1 + -1 - (107 + -115)
7
Evaluate -2 - (0 + 2 + -6 + 3).
-1
What is the value of -17 + 10 - 5 - -10?
-2
What is the value of -1 + -1 - ((0 - -6) + -9)?
1
What is the value of (13 - (5 - -1)) + -9?
-2
Calculate (-7 - -8) + -5 + 8.
4
Evaluate 0 - (7 - (-3 - (-2 + -3))).
-5
What is the value of -1 + -2 + -4 + -1 + 5?
-3
What is 5 - (-3 - -4 - (0 + 0))?
4
-2 + 3 + 1 + -3
-1
Calculate 4 + 1 + (8 - (8 - -4)).
1
Calculate 1 - (2 + -3 + 4) - 0.
-2
Calculate -4 + 2 + 0 + 1 + -3.
-4
What is 70 + -66 + -1 + -2?
1
What is the value of 56 + -57 - (1 + 2)?
-4
What is the value of (-6 - -5 - (6 + -1)) + 5?
-1
What is the value of -2 - (19 - 10) - -12?
1
Calculate (-1 - (-4 + -1)) + 3 + -2.
5
(3 - (3 - 1)) + -1
0
What is the value of 4 + (7 + 0 + 4 - 7)?
8
Calculate (5 + 0 - (3 + 0)) + -3.
-1
-4 - (-7 - (0 + -1))
2
Evaluate (-255 - -262) + (-2 - 11 - 2).
-8
Evaluate 2 + (-2 - (0 + 8 + -5)).
-3
What is the value of 7 + -7 + (7 - 6)?
1
Calculate -11 - (-6 - (11 + -9)).
-3
What is the value of 0 - (5 - 4 - -5)?
-6
Evaluate 5 + -7 + 3 + 0.
1
Evaluate -7 + (-8 - -4) - -4 - -1.
-6
Calculate -1 + (4 - -3) + 0.
6
-12 + 6 + 2 + -1
-5
What is the value of (19 - 17) + 3 + 5 + -1?
9
(9 - 0) + (-53 - -44)
0
Calculate 36 + -42 - (-1 - (-1 + 1)).
-5
Evaluate -7 - ((2 - 5) + (4 - 6)).
-2
What is (2 - (10 + -2)) + (-15 - -23)?
2
What is (-4 - 0) + 4 + 0 - 3?
-3
-66 + 73 + -3 + -3 + 2
3
What is (-25 - -27) + (-8 - -2 - 0)?
-4
Calculate -10 + 14 + 5 + -8 + -5.
-4
6 + (-7 - (-3 - -5))
-3
Calculate 13 - 2 - (11 + -4).
4
-9 - -9 - -4 - 8
-4
What is the value of (-8 - (-11 - -8)) + (0 - 3)?
-8
Calculate 0 - (1 - (6 - 3)).
2
7 - (9 - -4) - (2 + -15